t of 20639?
6
What is the thousands digit of 122768?
2
What is the thousands digit of 1224?
1
What is the units digit of 545?
5
What is the thousands digit of 90058?
0
What is the units digit of 1171?
1
What is the units digit of 841?
1
What is the thousands digit of 11386?
1
What is the tens digit of 3534?
3
What is the hundreds digit of 16649?
6
What is the hundreds digit of 14167?
1
What is the thousands digit of 1998?
1
What is the hundreds digit of 1085?
0
What is the hundreds digit of 29597?
5
What is the units digit of 4912?
2
What is the hundreds digit of 2336?
3
What is the hundreds digit of 48335?
3
What is the tens digit of 2106?
0
What is the tens digit of 10905?
0
What is the units digit of 52922?
2
What is the tens digit of 1453?
5
What is the tens digit of 26074?
7
What is the hundreds digit of 6925?
9
What is the tens digit of 857?
5
What is the units digit of 1284?
4
What is the thousands digit of 15430?
5
What is the tens digit of 4445?
4
What is the tens digit of 146403?
0
What is the units digit of 68920?
0
What is the hundreds digit of 4029?
0
What is the hundreds digit of 82465?
4
What is the thousands digit of 49548?
9
What is the tens digit of 3499?
9
What is the units digit of 11500?
0
What is the hundreds digit of 2412?
4
What is the units digit of 2384?
4
What is the units digit of 333?
3
What is the hundreds digit of 35447?
4
What is the hundreds digit of 2733?
7
What is the thousands digit of 8601?
8
What is the units digit of 3385?
5
What is the units digit of 793?
3
What is the hundreds digit of 69572?
5
What is the tens digit of 19003?
0
What is the tens digit of 256?
5
What is the units digit of 2516?
6
What is the hundreds digit of 5131?
1
What is the thousands digit of 53500?
3
What is the units digit of 8985?
5
What is the hundreds digit of 1061?
0
What is the ten thousands digit of 35456?
3
What is the units digit of 140203?
3
What is the units digit of 98252?
2
What is the ten thousands digit of 11915?
1
What is the units digit of 3670?
0
What is the hundreds digit of 26072?
0
What is the units digit of 1800?
0
What is the units digit of 1092?
2
What is the tens digit of 355?
5
What is the tens digit of 233?
3
What is the units digit of 4?
4
What is the hundreds digit of 4319?
3
What is the hundreds digit of 14023?
0
What is the units digit of 15458?
8
What is the thousands digit of 1593?
1
What is the units digit of 4591?
1
What is the hundreds digit of 1291?
2
What is the hundreds digit of 9642?
6
What is the thousands digit of 5736?
5
What is the tens digit of 1875?
7
What is the hundreds digit of 228?
2
What is the units digit of 674?
4
What is the units digit of 2307?
7
What is the hundreds digit of 438?
4
What is the tens digit of 6887?
8
What is the units digit of 2105?
5
What is the units digit of 2195?
5
What is the units digit of 143?
3
What is the hundreds digit of 1711?
7
What is the hundreds digit of 651?
6
What is the tens digit of 14911?
1
What is the thousands digit of 17256?
7
What is the thousands digit of 48024?
8
What is the units digit of 635?
5
What is the thousands digit of 36437?
6
What is the ten thousands digit of 20190?
2
What is the tens digit of 2921?
2
What is the thousands digit of 3672?
3
What is the hundreds digit of 3873?
8
What is the hundreds digit of 8269?
2
What is the units digit of 8131?
1
What is the units digit of 339?
9
What is the thousands digit of 3637?
3
What is the ten thousands digit of 62838?
6
What is the tens digit of 750?
5
What is the tens digit of 11936?
3
What is the thousands digit of 101399?
1
What is the tens digit of 2037?
3
What is the units digit of 12440?
0
What is the tens digit of 35455?
5
What is the tens digit of 7712?
1
What is the thousands digit of 54657?
4
What is the units digit of 3206?
6
What is the hundreds digit of 9796?
7
What is the tens digit of 683?
8
What is the hundreds digit of 2798?
7
What is the tens digit of 28290?
9
What is the units digit of 29476?
6
What is the tens digit of 51409?
0
What is the tens digit of 4629?
2
What is the tens digit of 8515?
1
What is the ten thousands digit of 92421?
9
What is the hundreds digit of 5236?
2
What is the tens digit of 5712?
1
What is the thousands digit of 1073?
1
What is the hundreds digit of 465?
4
What is the ten thousands digit of 14578?
1
What is the units digit of 7399?
9
What is the units digit of 4890?
0
What is the hundreds digit of 61500?
5
What is the ten thousands digit of 147597?
4
What is the tens digit of 14109?
0
What is the hundreds digit of 27582?
5
What is the units digit of 56456?
6
What is the ten thousands digit of 21391?
2
What is the hundreds digit of 1754?
7
What is the tens digit of 5713?
1
What is the ten thousands digit of 28414?
2
What is the hundreds digit of 502?
5
What is the tens digit of 954?
5
What is the hundreds digit of 7351?
3
What is the tens digit of 14177?
7
What is the tens digit of 491?
9
What is the hundreds digit of 1679?
6
What is the hundreds digit of 628?
6
What is the thousands digit of 7825?
7
What is the thousands digit of 65841?
5
What is the ten thousands digit of 23800?
2
What is the hundreds digit of 676?
6
What is the hundreds digit of 2912?
9
What is the tens digit of 51537?
3
What is the tens digit of 14065?
6
What is the units digit of 135?
5
What is the hundred thousands digit of 177132?
1
What is the hundreds digit of 1594?
5
What is the tens digit of 1236?
3
What is the hundreds digit of 45797?
7
What is the tens digit of 8111?
1
What is the tens digit of 1581?
8
What is the units digit of 34009?
9
What is the units digit of 515?
5
What is the units digit of 598?
8
What is the hundreds digit of 199696?
6
What is the units digit of 1082?
2
What is the hundreds digit of 118?
1
What is the thousands digit of 39027?
9
What is the units digit of 41052?
2
What is the tens digit of 10139?
3
What is the units digit of 2917?
7
What is the units digit of 5245?
5
What is the tens digit of 1889?
8
What is the hundreds digit of 898?
8
What is the ten thousands digit of 31586?
3
What is the units digit of 35767?
7
What is the hundreds digit of 29342?
3
What is the hundreds digit of 634?
6
What is the hundreds digit of 5298?
2
What is the tens digit of 7810?
1
What is the tens digit of 1633?
3
What is the thousands digit of 1237?
1
What is the thousands digit of 2839?
2
What is the thousands digit of 3187?
3
What is the tens digit of 4882?
8
What is the ten thousands digit of 12889?
1
What is the tens digit of 2910?
1
What is the units digit of 6958?
8
What is the units digit of 1095?
5
What is the units digit of 38246?
6
What is the tens digit of 12090?
9
What is the tens digit of 1940?
4
What is the units digit of 10930?
0
What is the units digit of 10908?
8
What is the units digit of 16566?
6
What is the tens digit of 406?
0
What is the hundreds digit of 101635?
6
What is the ten thousands digit of 86430?
8
What is the units digit of 82290?
0
What is the hundreds digit of 1320?
3
What is the tens digit of 5803?
0
What is the units digit of 1610?
0
What is the tens digit of 93?
9
What is the hundreds digit of 886?
8
What is the units digit of 139?
9
What is the tens digit of 3208?
0
What is the thousands digit of 12049?
2
What is the hundreds digit of 1014?
0
What is the ten thousands digit of 25102?
2
What is the hundreds digit of 21891?
8
What is the units digit of 12986?
6
What is the thousands digit of 3159?
3
What is the hundreds digit of 1298?
2
What is the tens digit of 48174?
7
What is the hundreds digit of 6888?
8
What is the units digit of 2357?
7
What is the hundreds digit of 382?
3
What is the thousands digit of 1265?
1
What is the tens digit of 1427?
2
What is the thousands digit of 32239?
2
What is the tens digit of 2950?
5
What is the tens digit of 1407?
0
What is the units digit of 18279?
9
What is the units digit of 613?
3
What is the tens digit of 402?
0
What is the thousands digit of 67276?
7
What is the hundreds digit of 2698?
6
What is the hundreds digit of 685?
6
What is the hundreds digit of 404?
4
What is the thousands digit of 5992?
5
What is the units digit of 367?
7
What is the hundreds digit of 1055?
0
What is the tens digit of 98679?
7
What is the hundreds digit of 3487?
4
What is the ten thousands